factor of 57 and 8550?
57
What is the highest common divisor of 40 and 20?
20
What is the highest common divisor of 2425 and 194?
97
What is the highest common factor of 6 and 192?
6
What is the greatest common factor of 218 and 7085?
109
Calculate the greatest common divisor of 336 and 192.
48
Calculate the highest common factor of 770 and 115.
5
What is the highest common factor of 15 and 1245?
15
What is the highest common divisor of 2923 and 74?
37
Calculate the greatest common factor of 84 and 364.
28
What is the greatest common factor of 3 and 3327?
3
What is the greatest common factor of 77 and 22?
11
Calculate the greatest common divisor of 147 and 3486.
21
Calculate the highest common divisor of 56 and 273.
7
Calculate the greatest common divisor of 882 and 252.
126
Calculate the greatest common factor of 41267 and 29.
29
What is the highest common divisor of 39 and 1014?
39
What is the highest common factor of 11 and 253?
11
What is the highest common factor of 10258 and 46?
46
Calculate the highest common divisor of 7625 and 250.
125
Calculate the greatest common divisor of 306 and 3570.
102
What is the highest common divisor of 8550 and 2736?
342
Calculate the greatest common factor of 12 and 70968.
12
What is the greatest common divisor of 3150 and 300?
150
What is the highest common factor of 198 and 12573?
99
Calculate the greatest common divisor of 108 and 513.
27
Calculate the greatest common factor of 12 and 2004.
12
Calculate the greatest common factor of 616 and 168.
56
Calculate the greatest common factor of 5967 and 27.
27
Calculate the greatest common factor of 11 and 176.
11
Calculate the highest common divisor of 267 and 9.
3
What is the highest common divisor of 12 and 471?
3
Calculate the greatest common factor of 12 and 43560.
12
What is the highest common divisor of 140 and 84?
28
Calculate the greatest common divisor of 8 and 568.
8
Calculate the greatest common factor of 490 and 170.
10
Calculate the greatest common factor of 6 and 128.
2
What is the greatest common divisor of 377 and 455?
13
What is the highest common factor of 5 and 11215?
5
Calculate the greatest common factor of 54 and 234.
18
What is the greatest common factor of 546 and 260?
26
Calculate the greatest common divisor of 406 and 986.
58
What is the greatest common divisor of 54684 and 126?
126
What is the highest common divisor of 59 and 101067?
59
Calculate the greatest common divisor of 146 and 4.
2
What is the greatest common factor of 84 and 39?
3
Calculate the highest common divisor of 180 and 315.
45
What is the highest common factor of 630 and 140?
70
Calculate the greatest common factor of 2373 and 21.
21
What is the highest common divisor of 9 and 63?
9
Calculate the greatest common divisor of 92 and 92.
92
Calculate the greatest common divisor of 204 and 170.
34
What is the highest common factor of 5027 and 11?
11
Calculate the greatest common factor of 3600 and 96.
48
What is the greatest common divisor of 17 and 25?
1
Calculate the greatest common factor of 9 and 5271.
3
Calculate the greatest common divisor of 759 and 69.
69
Calculate the greatest common divisor of 480 and 384.
96
Calculate the highest common divisor of 501 and 3.
3
Calculate the greatest common factor of 891 and 165.
33
Calculate the highest common divisor of 80 and 128.
16
Calculate the highest common factor of 198 and 9.
9
What is the greatest common divisor of 85 and 14195?
85
Calculate the highest common divisor of 12627 and 23.
23
What is the greatest common divisor of 198 and 29601?
99
What is the highest common divisor of 5984 and 11?
11
What is the highest common divisor of 260 and 40?
20
Calculate the greatest common divisor of 1304 and 16.
8
Calculate the greatest common divisor of 540 and 22500.
180
What is the greatest common factor of 97 and 22213?
97
What is the greatest common divisor of 87 and 435?
87
Calculate the greatest common divisor of 28 and 1246.
14
Calculate the greatest common divisor of 6 and 118.
2
What is the highest common factor of 36 and 150?
6
Calculate the greatest common factor of 225 and 63.
9
What is the highest common divisor of 21 and 11389?
7
What is the highest common factor of 3856 and 48?
16
Calculate the greatest common factor of 384 and 99.
3
What is the greatest common factor of 12 and 1452?
12
Calculate the highest common factor of 25 and 2955.
5
What is the highest common divisor of 2786 and 21?
7
What is the greatest common factor of 330 and 198?
66
What is the greatest common factor of 168 and 7?
7
What is the greatest common factor of 185 and 962?
37
Calculate the greatest common factor of 2695 and 1715.
245
What is the greatest common factor of 24 and 780?
12
Calculate the highest common divisor of 72 and 984.
24
Calculate the greatest common divisor of 4212 and 42.
6
What is the greatest common factor of 6 and 192?
6
Calculate the highest common factor of 15320 and 40.
40
Calculate the greatest common factor of 2025 and 25.
25
Calculate the highest common factor of 164 and 861.
41
Calculate the greatest common factor of 82 and 738.
82
Calculate the highest common divisor of 760 and 114.
38
What is the highest common factor of 60 and 390?
30
What is the highest common factor of 304 and 228?
76
Calculate the highest common divisor of 99 and 18.
9
Calculate the greatest common divisor of 26 and 702.
26
Calculate the greatest common factor of 108 and 324.
108
What is the highest common divisor of 20 and 620?
20
Calculate the highest common divisor of 14 and 826.
14
Calculate the greatest common divisor of 81 and 1.
1
Calculate the highest common factor of 6 and 249.
3
Calculate the highest common divisor of 96 and 4716.
12
Calculate the highest common factor of 80 and 304.
16
What is the greatest common factor of 10 and 270?
10
Calculate the greatest common factor of 26 and 1066.
26
What is the greatest common divisor of 17 and 4?
1
What is the highest common divisor of 1992 and 96?
24
Calculate the greatest common factor of 602 and 56.
14
Calculate the highest common divisor of 96 and 3.
3
Calculate the highest common divisor of 377 and 87.
29
What is the greatest common factor of 3376 and 80?
16
Calculate the highest common factor of 60 and 675.
15
What is the greatest common factor of 2121 and 3333?
303
What is the greatest common divisor of 14 and 2?
2
Calculate the greatest common divisor of 1347 and 9.
3
Calculate the greatest common divisor of 1536 and 276.
12
What is the greatest common divisor of 6 and 2349?
3
Calculate the greatest common factor of 3012 and 48.
12
What is the greatest common factor of 124 and 4?
4
What is the highest common divisor of 1610 and 7?
7
Calculate the greatest common divisor of 22 and 187.
11
Calculate the highest common factor of 867 and 2091.
51
What is the greatest common divisor of 685 and 5?
5
Calculate the greatest common divisor of 1431 and 81.
27
Calculate the highest common factor of 5362 and 14.
14
Calculate the highest common divisor of 5656 and 28.
28
What is the highest common factor of 117 and 333?
9
What is the highest common factor of 3 and 111?
3
What is the greatest common divisor of 3476 and 176?
44
Calculate the greatest common factor of 2700 and 204.
12
What is the highest common divisor of 15 and 60?
15
What is the greatest common divisor of 46 and 3887?
23
What is the greatest common factor of 99 and 81?
9
Calculate the highest common factor of 2262 and 130.
26
Calculate the highest common factor of 664 and 8.
8
Calculate the highest common factor of 124 and 3596.
124
Calculate the greatest common divisor of 1751 and 1648.
103
What is the highest common divisor of 22 and 31526?
22
Calculate the greatest common divisor of 195 and 715.
65
What is the highest common factor of 16 and 20680?
8
What is the highest common divisor of 763 and 7?
7
Calculate the greatest common factor of 1177 and 11.
11
What is the greatest common factor of 253 and 121?
11
Calculate the highest common factor of 2041 and 13.
13
Calculate the greatest common factor of 1302 and 1974.
42
What is the greatest common factor of 352 and 22?
22
What is the greatest common factor of 480 and 60?
60
What is the greatest common factor of 95 and 25?
5
Calculate the highest common divisor of